34*a**2 - 2. What is the units digit of k(1)?
2
What is the tens digit of 210/(-63)*(-413868)/35?
1
Suppose 7*w - 2446 - 207 = 0. Suppose 0 = -3*a - 20 - w. Let n = a + 190. What is the units digit of n?
7
Suppose 8*g - 9*g + 222 = 0. Suppose -v + 422 = 2*m + 4*v, 0 = -m + 3*v + g. Suppose -m = -4*p + 4*l, -3*l = -0*p - p + 56. What is the tens digit of p?
5
Let r = 406 + -192. Let j be 8/2*43363/412. Let w = j - r. What is the hundreds digit of w?
2
What is the tens digit of (210460/50)/(((-32)/40)/(-4))?
4
Suppose -5040 = -24*j + 8688. Let b = j + -318. What is the tens digit of b?
5
Let i(n) = 7*n**2 + 191*n + 252. What is the units digit of i(-41)?
8
Let d be (-329)/(-7) - (-2 - -1). Suppose -3*r - 249 = -d. Let u = r + 112. What is the tens digit of u?
4
Let k(d) = -d**3 + 18*d**2 - 3*d + 17. Let g be k(18). Let o = g + 41. Suppose -335 = -3*h - o*r, -2*h + 0*h = 5*r - 221. What is the hundreds digit of h?
1
Let b(h) = -h + 3. Let y(v) = -v - 5. Let u be y(-8). Suppose -u*o = -4*o. What is the units digit of b(o)?
3
Let d(w) = -w**3 + 8*w**2 - 6*w - 5. Let b be d(7). Suppose -2*s - b = -s, -24 = -3*x - 3*s. What is the tens digit of -2 - 457/(-5) - 4/x?
8
Suppose -283*a = -7325469 + 2329708 - 3941945. What is the hundreds digit of a?
5
Suppose 1505 = 12*o - 17*o. Let w = 758 + o. What is the units digit of w?
7
Let p = 11469 + -6653. What is the thousands digit of p?
4
Let b = -72 - -74. Suppose b*f - 1213 = -3*d, -2*f + 1614 = 4*d - 0*f. What is the tens digit of d?
0
Suppose -1192 = -26*i + 22*i. Suppose -10*r + 2928 - i = 0. What is the hundreds digit of r?
2
Let x(r) be the third derivative of -r**4/24 - 4*r**3/3 - 5*r**2. Let u be x(-12). Suppose u*s + 4 = 3*s, 2*b - 268 = 4*s. What is the tens digit of b?
2
Let m(w) = -w**3 - 15*w**2 - 35*w + 2. Let a be m(-12). Let r(j) = -j**3 - 4*j**2 - 14*j. What is the hundreds digit of r(a)?
7
Let y = -5554 + 5627. What is the units digit of y?
3
Let r(h) = -5*h + 123. Let c(l) = 104*l - 2584. Let f(o) = 3*c(o) + 64*r(o). Suppose 37*z - 14*z = -8*z - 28*z. What is the tens digit of f(z)?
2
Suppose -2*v - 6 = 0, 4*k - 2*v - 24833 = -4451. What is the hundreds digit of k?
0
Suppose 10 = 6*p - 20. Suppose -501 = -p*a - 101. Suppose 5*h = 5*w + a, 3*h + w = -3*w + 83. What is the tens digit of h?
2
Let n(m) = m**3 - 15*m**2 + 32*m - 7. Let h be n(13). Let l = h + -59. Suppose 4*q = l*q - 1624. What is the tens digit of q?
0
Let t(h) = h**3 - 4*h**2 + 9*h. Let r = 12 - 9. Let v be (r/9)/((-3)/(-54)). What is the tens digit of t(v)?
2
What is the tens digit of ((-16418)/(-8))/((8/(-20))/(96/(-15)))?
3
Let k(a) = -a**2 - 10*a + 2. Let i be k(-9). Let w(y) = -i*y - 16*y + 7 - 40 + 19*y. What is the tens digit of w(-6)?
1
Let c(l) = 192*l**2 - 4*l + 5. What is the units digit of c(-6)?
1
Let q = 32410 + 24998. What is the tens digit of q?
0
Suppose r - 48 = 3*b, r + 3*r + 2*b = 234. Let m = r - 32. Suppose 0 = j + m - 171. What is the hundreds digit of j?
1
Let v = 89145 - 63602. What is the tens digit of v?
4
Let q(z) = -196*z - 20. Let w(n) = 3*n. Let m(t) = q(t) + 4*w(t). What is the hundreds digit of m(-3)?
5
Suppose 26*d - 31*d = -2*a - 34319, 3*a = 3*d - 20595. What is the hundreds digit of d?
8
Let z(m) = -m**3 + 45*m**2 - 39*m + 29. Let p be z(44). Suppose -108*w + 107*w + p = 0. What is the units digit of w?
9
Suppose 13969 = d + 723*j - 725*j, 3*d - 41874 = -5*j. What is the tens digit of d?
6
Let n be 15 - (1 - -17)/6. What is the units digit of 80/96 + 2150/n?
0
Let p = -61 + 21. Let s(l) = -2*l**2 - 75*l - 122. Let n be s(-38). What is the tens digit of p/(-140) + 4/(-14)*n?
4
What is the tens digit of 180/(-210) - 212824/(-28)?
0
Let t be (-16*(-5)/10)/((-2)/229). Let j = -132 - t. What is the tens digit of j?
8
Let n(m) = m**3 - 4*m**2 - 5*m - 4. Suppose 8*g - 35 = g. Let h be n(g). Let o(d) = d**2 - 4. What is the units digit of o(h)?
2
Suppose 2*l + 5*v - 23 = 0, 0 = 4*l - 2*l - v + 7. Let s be (-5 - (-3 + -166)) + 3*l. Suppose 0*y + 7*y = s. What is the units digit of y?
3
Suppose 330*a = 329*a + 2, -4*v + 209500 = -4*a. What is the ten thousands digit of v?
5
Let o be 10980/(-225)*((-5)/(-2))/(-1). Let l = o + 701. What is the units digit of l?
3
What is the tens digit of (8301/6)/((185/(-148))/((-5)/2))?
6
Suppose -11*v = -6*v - 25. Let j(p) = -56*p + 53. Let k be j(-3). Suppose v*z = k + 174. What is the units digit of z?
9
Suppose 2*z + 15*i - 70184 = 19*i, -z + 4*i = -35086. What is the tens digit of z?
9
Let u(h) = 41*h**2 + 17*h + 76. Let v(a) = 8*a**2 + 3*a + 15. Let y(r) = -6*u(r) + 33*v(r). What is the units digit of y(-9)?
4
Let z(h) = 68*h + 10 - 3*h**3 + 67*h + 0*h**2 - 139*h - 5*h**2. What is the units digit of z(-6)?
2
Let i = 1128 + -42. Let o = i + -106. What is the tens digit of o?
8
Suppose -11*s + 22*s = -92316 + 285454. What is the hundreds digit of s?
5
Let w(r) = -r**3 - r**2 + 5. Let o be w(0). Let k(u) = 14*u**2 + 726*u - 110. Let v be k(-52). What is the tens digit of -24*(o + -2 - (-1 - v))?
4
Suppose 0 = -0*r + r - 4*n + 242, r - n + 242 = 0. Let v = r + 360. Let l = v - 51. What is the units digit of l?
7
Let y(n) = 20 + n + 6 - n - 4*n. Let o(u) = 4*u - 25. Let t(k) = 2*o(k) + 3*y(k). What is the units digit of t(-17)?
6
Let o(w) be the first derivative of w**3 - 27*w**2/2 - 47*w + 118. What is the units digit of o(14)?
3
What is the tens digit of 19791 + -4 - (8 - 8)?
8
Let q = 154 - 146. Suppose -4*h - 670 = -q*y + 6*y, 1328 = 4*y - 5*h. What is the hundreds digit of y?
3
Let w be (-51)/68*11*-4*1. Suppose -w*i + 42630 = 2*i. What is the hundreds digit of i?
2
Let w be 7070/(-49)*7/(-1). Let j = w - 555. What is the hundreds digit of j?
4
Let r = 22 - 22. Suppose -5*n + n - n = r. Suppose 10*h - 7*h - 732 = n. What is the hundreds digit of h?
2
Let x(p) be the first derivative of -p**3/3 + 47*p**2/2 + 265*p - 146. What is the tens digit of x(50)?
1
Suppose 0 = -5*k - 3*b - 283, -b - 5 - 108 = 2*k. Let s = k - -238. What is the tens digit of s?
8
Let x(l) = -13*l + 458. What is the tens digit of x(-16)?
6
Suppose 5*a - 4*o = 12708, 4*a + 2*o - 7494 = 2662. Let s = a - 1220. What is the units digit of s?
0
Let k(m) = -15*m**3 - 9*m**2 + 3*m + 3. Let w(n) = 13*n**3 + 10*n**2 - 4*n - 2. Let q(p) = -5*k(p) - 6*w(p). What is the hundreds digit of q(-8)?
5
Let w = -138 + 84. Let h = 54 + w. Suppose 2*g + h*g - 68 = 0. What is the units digit of g?
4
What is the hundreds digit of 8799 - ((-3 - -9) + 2 - (4 + -1))?
7
Let p(b) be the second derivative of -b**4/12 - 11*b**3/6 - 9*b**2 + b. Let a be p(-6). Let v(t) = -2*t**2 + 25*t + 13. What is the units digit of v(a)?
5
Let o(m) = -580*m + 15. Let i be o(-24). Suppose 6151 = 22*l - i. What is the tens digit of l?
1
Let x(z) = -33*z + 47. Let o be x(-21). Suppose 0 = -33*d + 28*d + o. Let s = d - 69. What is the units digit of s?
9
Let w(n) = -n**2 - 14*n + 19. Let a be w(-15). Suppose a*z = 4*x + 7*z - 555, -3*x + 2*z + 412 = 0. Suppose -363 = -3*k + x. What is the hundreds digit of k?
1
Let b(s) = 35*s**2 - s - 8. Let j(o) = 2*o + 18. Let h be j(-10). What is the units digit of b(h)?
4
Let n = 2457 - 3783. Let s = n + 1877. What is the units digit of s?
1
Let l = 67498 + -42454. What is the tens digit of l?
4
Let i(t) = t**3 + 63. Let m = -25 + 25. Let s be i(m). Suppose -s - 33 = -12*z. What is the units digit of z?
8
Let w be 1 + (1 - -4)*(-36)/(-20). Suppose -8*v = -w*v. Suppose -2*d = -4*i - v*i + 630, -3*d + 615 = 4*i. What is the tens digit of i?
5
Let n = 139501 - 86667. What is the tens digit of n?
3
Let y(s) = 2*s**2 - 2*s - 25. Let a be 3/(6/(-10))*84/35. Let b be y(a). Suppose 4*n = -4*x - x + b, 0 = -4*n - 8. What is the units digit of x?
9
Suppose -44414 = -33*y + 56071. What is the tens digit of y?
4
Suppose 9*u - 26*u = -10506. What is the units digit of u?
8
Suppose -v + 808 = 3*u, -v - 272 = -u - 0*v. Let w = 746 - u. What is the units digit of w?
6
Suppose 55*y = -49*y + 9*y + 354255. What is the hundreds digit of y?
7
Let a(l) = -l**2 + 13*l - 28. Let o be a(11). What is the hundreds digit of ((-1056)/o + 3)*7?
2
Let c = -70289 - -105028. What is the hundreds digit of c?
7
Suppose -10*z = -9*z + 228. Let g = z + 260. What is the units digit of g?
2
Let w(s) = 3*s**3 - 19*s**2 - 32*s - 109